hat is the tens digit of x?
1
Let d(b) = b**3 - 10*b**2 - 8*b + 10. Let l be d(11). Suppose 1 - l = -3*w. What is the units digit of w?
4
Let z = 52 + -22. Let r be 2/((-27)/z - -1). Suppose l - r = -3*l. What is the units digit of l?
5
Suppose 4*b + 369 = -75. Let r be 2/7 - b/(-21). Let o(v) = -v**2 - 7*v - 7. What is the units digit of o(r)?
3
Let a(j) = -51*j + 18. What is the tens digit of a(-6)?
2
Let y = 2 + -2. Let r = 1 + y. What is the units digit of r?
1
Suppose -4*m - 10 = 2. Let h(l) = -l + 1. What is the units digit of h(m)?
4
Let x(l) = 2 + 0*l**2 - l**2 + 8*l + 2 - 1. Let h be x(8). Suppose 4*q - h*k = 30, -4*q + 42 - 14 = -2*k. What is the units digit of q?
6
Let f be 3/18*2*-3. What is the units digit of ((-171)/3)/3*f?
9
What is the tens digit of 125 + ((-12)/(-28) - 3/7)?
2
Suppose 2*g + 1 = 9. Suppose -g*f + 6 = -30. What is the units digit of f?
9
Suppose -h - 2 = -5. Suppose d - 14 = -h. What is the tens digit of d?
1
Let i be (-36)/(-21) + 6/21. Suppose 0*h - 2 = -i*h. What is the units digit of h?
1
Let c(s) = s**2 + 1. Let p(f) = -f**2 + 9*f - 8. Let a be p(6). Let w be (12/15)/((-2)/a). What is the units digit of c(w)?
7
Let x(l) = l + 10. Suppose 0 = -8*b + 3*b. What is the tens digit of x(b)?
1
Suppose 5*p - 5 = 5. What is the units digit of p?
2
Suppose -2*x = -5*f + 43, f - 32 = -3*f + x. Suppose -w + f = -4*y, w - y - y = 9. What is the tens digit of w?
1
Let c = -2 + 0. Let o be 4/(-2) - 12/c. Let h(y) = y**2 - 3*y + 5. What is the units digit of h(o)?
9
Let c = -29 - -31. What is the units digit of c?
2
Let h be (6/(-5))/((-6)/15). Suppose 0*w = -h*w + 18. What is the units digit of w?
6
Let x be (0 - -15)*6/2. Suppose 0 = -0*s + 5*s + x. What is the units digit of -3*((-60)/s)/(-4)?
5
Let r(b) = -13*b + 2. Let f be r(1). Let d = 0 - f. What is the tens digit of d?
1
Suppose 0*q + 9 = 3*q. Suppose -k - 28 = -3*k - 3*y, q*k - 72 = 3*y. What is the units digit of k?
0
Suppose -5*h = -2*j - 4*h - 5, -3*h + 15 = -j. Suppose 3*q + w = 49, j = -w - 3*w - 8. What is the units digit of q?
7
Suppose 4*x = 2*x. Let n be (-2)/(-5) - (-13)/5. Let z = n - x. What is the units digit of z?
3
Let k(t) = -t**3 + t**2 - t - 1. Let g(w) = w**3 - 6*w**2 - w + 1. Let b(u) = g(u) + 2*k(u). Let m be b(-2). Let p = m + 9. What is the units digit of p?
6
Suppose 3*p + 3*l - 42 = 0, -5*p + 2*l = -8 - 48. What is the units digit of p?
2
Let q(j) = j**2 + 2*j + 1. Let a be q(-1). Suppose a = -3*g - 0*g + 30. What is the units digit of g?
0
What is the units digit of 2*22*(-4)/(-8)?
2
Suppose 2*r = -6*p + p + 27, 0 = -5*r + 3*p + 21. Suppose 0 = -r*o + o + 2*z + 87, z - 4 = 0. What is the units digit of o?
9
Let b = -15 + 24. Let p = b + 5. What is the units digit of p?
4
Let y = 196 + -73. What is the units digit of y?
3
Let o(z) = -2*z + 32. What is the tens digit of o(-25)?
8
Let l = 74 + -28. What is the units digit of l?
6
Suppose 0 = -i + 8 - 2. Suppose -4*q + 14 + 22 = 0. Suppose q + i = 3*k. What is the units digit of k?
5
Let l(i) = 6*i**2 + 2*i + 15. What is the tens digit of l(4)?
1
Let o(u) = 21*u**2 + 2*u + 2. What is the units digit of o(-1)?
1
Suppose -3*a = 4*g - 351, -2*a - 363 = -4*g - a. What is the tens digit of g?
9
Let z be ((-1)/2)/((-8)/(-32)). Let l = z + -2. Let t = l + 8. What is the units digit of t?
4
Let s(p) be the first derivative of -p**2 + 4/3*p**3 + 1/4*p**4 - 4 - p. What is the units digit of s(-4)?
7
Suppose 0 = -3*s + 11 + 1. Suppose -s*o + 4*h = 6*h - 14, -3*o + 6 = -3*h. Let p = 0 + o. What is the units digit of p?
3
Let f(i) = 5*i + 14. What is the tens digit of f(15)?
8
Suppose 350 = -30*v + 35*v. What is the units digit of v?
0
Suppose -n + 4*n - 338 = -4*g, -5*g + 340 = 3*n. What is the tens digit of n?
1
Let t(l) = 4*l - 31. What is the tens digit of t(17)?
3
Let f(k) = k**2 + k + 3. Let w be f(-7). Suppose 0*z - 3*z = -w. What is the tens digit of z?
1
Let l(n) = 22*n + 10. What is the tens digit of l(2)?
5
Suppose -4*q - 3 = -5*y + 1, y + 2*q + 2 = 0. Suppose y = -3*z - 0 - 6. What is the units digit of z/(0 - (-6)/(-15))?
5
Suppose 9 = -5*b - 6. Let t(a) = a**3 + 2*a**2 - 4*a. Let d be t(b). Suppose -d = -2*l + 3. What is the units digit of l?
3
Let h = 14 - 0. Suppose 2*x = -2*i + h, x + i + 1 = 4*i. What is the units digit of x?
5
Let o(g) = 2*g**3 + g**2 - 2*g + 1. Let i be o(1). Suppose 7 = i*c - 25. What is the tens digit of c?
1
Let r(k) = k**3 + 7*k**2 + 5*k - 5. What is the tens digit of r(-5)?
2
Suppose -o + 2 = 7. Let r(y) be the second derivative of -y**4/12 - 5*y**3/6 + 7*y**2/2 + 13*y. What is the units digit of r(o)?
7
Let n = 32 - 18. What is the units digit of 2/(-7) - (-340)/n?
4
Let u = 36 + -13. Let f = -8 + u. What is the units digit of f?
5
Let z(i) = -8*i**2 - i. Let f be z(1). Let t(r) = r**2 + 8*r - 6. Let y be t(f). Let m(n) = n**3 - 3*n**2 + n - 1. What is the units digit of m(y)?
2
Suppose -4 + 12 = -3*v + 2*w, -2*w + 8 = 0. Let k = v + 0. Suppose k = 5*h - 8 - 22. What is the units digit of h?
6
Suppose -3*l + 33 = -3*r, -r - 15 - 32 = -4*l. Suppose 23 = -5*k - l. Let t = 8 + k. What is the units digit of t?
1
Let x = 54 + -9. What is the tens digit of x?
4
Let a = -4 - -8. Suppose -4 = -a*p + 4. Suppose p*o + 7*n = 2*n - 6, 2*o + 2 = -4*n. What is the units digit of o?
7
Suppose -5*a = -2*a - 45. Let j = a - 12. What is the units digit of j?
3
Suppose -k - 4*w = -1, 4*k + 5*w - 4 = -0*w. Let d(t) = t - k - t + 3*t. What is the tens digit of d(4)?
1
Let v(u) = -u**2 - 7*u - 4. Suppose 4*g = 7 + 5, z - 5 = -4*g. Let m be v(z). What is the units digit of (2/m - 0)*-6?
3
Let l(x) = -x**3 - 3*x**2 - 3*x + 6. Let i be l(-5). Let u = i - 39. What is the tens digit of u?
3
Let b(m) = -m**3 + 9*m**2 + 5*m - 8. Let d be b(9). Let u = 73 - d. What is the units digit of u?
6
Let j be (-1)/(-1*4/(-4)). Let o(b) = 3*b - 2*b - b**3 - 2*b. What is the units digit of o(j)?
2
Let g be 3 + (-2)/2 + 1. Suppose g*p + 7 = -5. Let l = 4 - p. What is the units digit of l?
8
Suppose -j = -5*j + 128. What is the tens digit of j?
3
Let p(l) = -2 - 24*l**2 - 3 - 9*l + 8*l. Let c be p(4). What is the tens digit of c/(-21) + 4/14?
1
Suppose -5*c = 3*l - 36, -2*c + 34 = 2*c + 5*l. What is the units digit of c?
6
What is the hundreds digit of (-2)/(-10) - 1*(-849)/5?
1
Let n(h) = 13*h**2 + h + 2. Suppose -z = -6*z + 10. What is the units digit of n(z)?
6
Let j be -3*(15 - (-1 - -1)). Let y be ((-6)/(-5))/((-6)/j). Suppose -2*v + y = -7. What is the units digit of v?
8
What is the tens digit of (-3052)/(-42) - (-4)/(-6)?
7
Suppose 3*t = -0*t - 18. What is the units digit of -2*3/t*11?
1
Let x = 8 - 8. Suppose k + 3*r = -3 + 2, -5*k + 3*r + 13 = x. What is the units digit of k?
2
Let p(g) = g**2 - 8*g + 11. What is the units digit of p(7)?
4
Let u(f) = 3*f**2 - 3*f - 6. Let c be u(7). Suppose -2*j - 25 = 4*p - 91, p = -5*j + c. Let g = j + -13. What is the tens digit of g?
1
Suppose -3*m + 13*m - 2370 = 0. What is the units digit of m?
7
Let p be (-3)/15 + (-22)/(-10). Suppose 2*c + 20 = -2*c, 0 = -p*l + c + 19. What is the units digit of l?
7
Suppose -3*n + 87 = -0*n. What is the tens digit of n?
2
Let q(u) = 7*u**2 - 1. Let h = -4 - -9. Let b = -4 + h. What is the units digit of q(b)?
6
Let u = 18 - 5. What is the tens digit of u?
1
Let r(t) be the second derivative of -t**5/20 - 3*t**4/4 - 5*t**3/3 - 3*t**2/2 + 6*t. Let z = 9 + -17. What is the tens digit of r(z)?
1
Let g(n) = -n**2 + 5*n - 4. Suppose -j = -5*j + 12. Let y be g(j). What is the units digit of ((-6)/9)/(y/(-3))?
1
Suppose 5*b - 15 = -3*w, -2*w - b + 0 + 3 = 0. Suppose w = 2*l - 7*l + 145. What is the units digit of l?
9
Let p(x) = x**3 + 5*x**2 + 3*x - 2. Let k = -6 - 2. Let u be ((-4)/k)/((-1)/8). What is the units digit of p(u)?
2
Let i(f) = f + 2. Let l be i(0). What is the units digit of (l/(-2))/(1/(-9))?
9
Let n(f) be the second derivative of -f**4/12 + 2*f**3 - 4*f**2 + 2*f. What is the tens digit of n(10)?
1
Suppose 3*q - 106 - 13 = -o, 0 = 4*o + 2*q - 486. What is the units digit of o?
2
Suppose 7*t + 184 = 723. What is the units digit of t?
7
Suppose -u + 4*u - 72 = 0. What is the tens digit of u?
2
Suppose -t - 4*a + 36 = -0*t, 2*t + 4*a = 84. What is the units digit of t?
8
Let m(u) = -u**2 + 76. Let f be m(0). 